number?
False
Is 4073 a prime number?
True
Is 42739 composite?
True
Is 37217 a composite number?
False
Is 1903 a prime number?
False
Is 151337 prime?
True
Is 13093 a prime number?
True
Is 15727 a prime number?
True
Is 1697027 prime?
True
Is 15419 a prime number?
False
Is 2939 composite?
False
Is 238933 a prime number?
False
Is 28079 a composite number?
True
Is 1015709 a composite number?
False
Is 39002 a composite number?
True
Is 2033 prime?
False
Is 5847 prime?
False
Is 13443 composite?
True
Is 21211 a composite number?
False
Is 38543 composite?
False
Is 377219 a prime number?
True
Is 88513 composite?
False
Is 69253 prime?
False
Is 3713 composite?
True
Is 37678 prime?
False
Is 59879 a prime number?
True
Is 14387 composite?
False
Is 1653943 a composite number?
True
Is 184577 composite?
False
Is 10477 composite?
False
Is 1642 a composite number?
True
Is 322835 composite?
True
Is 413 composite?
True
Is 46745 a composite number?
True
Is 21363 prime?
False
Is 129379 a composite number?
False
Is 42193 a composite number?
False
Is 88919 composite?
False
Is 2708065 a prime number?
False
Is 427603 prime?
False
Is 674551 a prime number?
True
Is 1339683 composite?
True
Is 3299 prime?
True
Is 26669 a composite number?
False
Is 2474 composite?
True
Is 2361 a composite number?
True
Is 753733 composite?
True
Is 16729 a composite number?
False
Is 29411 composite?
False
Is 22901 a composite number?
False
Is 783961 a composite number?
True
Is 289901 prime?
False
Is 828089 composite?
True
Is 1949 a prime number?
True
Is 102433 prime?
True
Is 793207 prime?
True
Is 656785 a prime number?
False
Is 921277 a prime number?
False
Is 21797 composite?
True
Is 3659 a prime number?
True
Is 5561 prime?
False
Is 3563 prime?
False
Is 12895 prime?
False
Is 649361 a prime number?
True
Is 1049941 a composite number?
False
Is 8497 a prime number?
False
Is 168403 a composite number?
True
Is 5686015 a prime number?
False
Is 50989 composite?
False
Is 12481 a prime number?
False
Is 17337 prime?
False
Is 4727 a prime number?
False
Is 326189 composite?
False
Is 1008655 a prime number?
False
Is 542327 a prime number?
False
Is 12471 prime?
False
Is 105071 composite?
False
Is 74963 prime?
False
Is 44966 prime?
False
Is 16787 a prime number?
True
Is 4659 a prime number?
False
Is 15089 prime?
False
Is 211927 composite?
False
Is 421643 prime?
True
Is 665609 a prime number?
False
Is 6326 a composite number?
True
Is 216563 composite?
True
Is 76537 a prime number?
True
Is 28562 prime?
False
Is 472267 a composite number?
True
Is 1878733 a composite number?
False
Is 678149 a composite number?
True
Is 11239 a composite number?
False
Is 5401 prime?
False
Is 1697953 prime?
True
Is 2041 composite?
True
Is 753 prime?
False
Is 10869 a prime number?
False
Is 631 prime?
True
Is 35201 prime?
True
Is 945053 prime?
False
Is 1559713 prime?
True
Is 372223 prime?
True
Is 492967 composite?
False
Is 60493 prime?
True
Is 191161 prime?
True
Is 56215 a composite number?
True
Is 496267 a composite number?
True
Is 11929 prime?
False
Is 14243 a composite number?
False
Is 496841 a composite number?
False
Is 91049 a composite number?
True
Is 8842 a composite number?
True
Is 14963 a prime number?
False
Is 900607 a prime number?
True
Is 77431 a composite number?
False
Is 46807 a prime number?
True
Is 34511 a composite number?
False
Is 3643 prime?
True
Is 75503 prime?
True
Is 77789 prime?
False
Is 1330387 a prime number?
False
Is 7529 composite?
False
Is 11335 composite?
True
Is 10603 composite?
True
Is 869 composite?
True
Is 559667 composite?
False
Is 41401 composite?
True
Is 169003 composite?
False
Is 316337 composite?
True
Is 9386161 composite?
False
Is 671797 composite?
True
Is 26794 a composite number?
True
Is 12811 prime?
False
Is 34313 prime?
True
Is 8027 a prime number?
False
Is 27271 a composite number?
False
Is 21993 prime?
False
Is 72749 a prime number?
False
Is 3265971 prime?
False
Is 990251 a composite number?
True
Is 317227 a prime number?
True
Is 1112465 prime?
False
Is 65761 a prime number?
True
Is 8039 prime?
True
Is 33679 a composite number?
False
Is 66337 a composite number?
False
Is 17041 a prime number?
True
Is 1618957 a composite number?
False
Is 521 composite?
False
Is 816077 a prime number?
True
Is 49421 prime?
False
Is 12611 prime?
True
Is 6653 composite?
False
Is 73391 prime?
False
Is 772017 a composite number?
True
Is 36658 prime?
False
Is 1809271 a composite number?
False
Is 489869 a composite number?
False
Is 914323 prime?
False
Is 47917 a composite number?
False
Is 35491 composite?
False
Is 38803 composite?
False
Is 3319 composite?
False
Is 58757 composite?
False
Is 132077 prime?
False
Is 12461 a prime number?
False
Is 4703 a prime number?
True
Is 4889 a composite number?
False
Is 2789 a prime number?
True
Is 53953 a composite number?
True
Is 1513 prime?
False
Is 302693 prime?
False
Is 22823 composite?
True
Is 26309 a prime number?
True
Is 29443 a composite number?
False
Is 43853 prime?
True
Is 2053 a prime number?
True
Is 2723431 prime?
True
Is 40739 a prime number?
True
Is 467471 composite?
False
Is 7411 a prime number?
True
Is 71267 a composite number?
True
Is 2773 a prime number?
False
Is 273089 a prime number?
False
Is 13911 a prime number?
False
Is 1087 prime?
True
Is 427213 a composite number?
False
Is 114067 a prime number?
True
Is 31087 composite?
True
Is 11791 composite?
True
Is 7641649 a prime number?
True
Is 2524087 a composite number?
False
Is 576287 a prime number?
True
Is 21979 composite?
True
Is 13619 composite?
False
Is 11467 a composite number?
False
Is 652031 a composite number?
True
Is 10517 a prime number?
False
Is 24515 a composite number?
True
Is 3607 a composite number?
False
Is 53 composite?
False
Is 28349 a prime number?
True
Is 1963567 prime?
True
Is 1231547 a prime number?
True
Is 7031 composite?
True
Is 49253 composite?
False
Is 284917 prime?
True
Is 221422 a prime number?
False
Is 149 composite?
False
Is 148207 composite?
False
Is 4497 a composite number?
True
Is 5723 composite?
True
Is 13929 a prime number?
False
Is 124669 composite?
False
Is 59333 a prime number?
True
Is 1111445 a prime number?
False
Is 179611 composite?
True
Is 2491 a composite number?
True
Is 124427 a composite number?
False
Is 65167 a composite number?
False
Is 158971 a composite number?
True
Is 28761 prime?
False
Is 5899 composite?
True
Is 1651571 composite?
False
Is 5951 composite?
True
Is 20491 prime?
False
Is 845885 composite?
True
Is 31877 a prime number?
False
Is 1635737 a composite number?
True
Is 7517 composite?
False
Is 529601 prime?
False
Is 90347 a composite number?
True
Is 3847 a composite number?
False
Is 219335 composite?
True
Is 479143 a composite number?
True
Is 86186 a prime number?
False
Is 10687 prime?
True
Is 95603 a prime number?
True
Is 20813 composite?
True
Is 346697 a composite number?
True
Is 25073 a composite number?
False
Is 39883 a composite number?
False
Is 8347 a prime number?
False
Is 30769 composite?
True
Is 130003 prime?
True
Is 14129 a composite number?
True
Is 142957 composite?
True
Is 55877 composite?
True
Is 1847 a composite number?
False
Is 487077 a composite number?
True
Is 933233 a prime number?
False
Is 33223 composite?
False
Is 54721 a composite number?
False
Is 55457 a composite number?
False
Is 859723 prime?
False
Is 435077 composite?
True
Is 14503 a composite number?
False
Is 2562271 a prime number?
False
Is 1535 a composite number?
True
Is 556007 a composite number?
False
Is 164743 a prime number?
True
Is 100117 a prime number?
False
Is 5449 composite?
False
Is 2894 composite?
True
Is 38914 prime?
False
Is 585085 a prime number?
False
Is 1295495 prime?
False
Is 47935 composite?
True
Is 180641 prime?
False
Is 77683 a composite number?
True
Is 364499 prime?
True
Is 7211 a prime number?
True
Is 303871 a prime number?
True
Is 196291 prime?
True
Is 19531 a composite number?
False
Is 122593 prime?
False
Is 1015429 prime?
False
Is 158047 a prime number?
True
Is 4907 prime?
False
Is 12097 composite?
False
Is 271127 a composite number?
False
Is 84377 composite?
False
Is 7217 a composite number?
True
Is 959 a composite number?
True
Is 7253 a composite number?
False
Is 18595 a composite number?
True
Is 40693 prime?
True
Is 10999 prime?
False
Is 5167 a 